{"id":70,"date":"2022-01-16T01:01:42","date_gmt":"2022-01-16T00:01:42","guid":{"rendered":"https:\/\/wakalas.wordpress.com\/?page_id=70"},"modified":"2023-03-12T23:06:52","modified_gmt":"2023-03-12T22:06:52","slug":"hobbies","status":"publish","type":"page","link":"https:\/\/portfolio.wakalas.xyz\/?page_id=70","title":{"rendered":"Hobbies"},"content":{"rendered":"\n<hr class=\"wp-block-separator has-text-color has-foreground-color has-alpha-channel-opacity has-foreground-background-color has-background\"\/>\n\n\n\n<h4 class=\"has-text-align-center has-foreground-color has-text-color wp-block-heading\" id=\"jeux-video-competitives\" style=\"text-transform:uppercase\"><strong>Science, Hardware et Informatique <\/strong><\/h4>\n\n\n\n<div class=\"wp-block-columns alignwide is-style-default is-layout-flex wp-container-core-columns-is-layout-28f84493 wp-block-columns-is-layout-flex\">\n<div class=\"wp-block-column is-layout-flow wp-block-column-is-layout-flow\">\n<figure class=\"wp-block-image size-full is-resized is-style-default\"><img loading=\"lazy\" decoding=\"async\" src=\"http:\/\/176.180.167.43:8000\/portfolio\/wp-content\/uploads\/2023\/03\/file-20211104-25-1t7f05u-1-edited.png\" alt=\"\" class=\"wp-image-564\" width=\"350\" height=\"350\" srcset=\"https:\/\/portfolio.wakalas.xyz\/wp-content\/uploads\/2023\/03\/file-20211104-25-1t7f05u-1-edited.png 517w, https:\/\/portfolio.wakalas.xyz\/wp-content\/uploads\/2023\/03\/file-20211104-25-1t7f05u-1-edited-300x300.png 300w, https:\/\/portfolio.wakalas.xyz\/wp-content\/uploads\/2023\/03\/file-20211104-25-1t7f05u-1-edited-150x150.png 150w\" sizes=\"auto, (max-width: 350px) 100vw, 350px\" \/><\/figure>\n<\/div>\n\n\n\n<div class=\"wp-block-column is-layout-flow wp-block-column-is-layout-flow\">\n<figure class=\"wp-block-image size-full is-resized\"><img loading=\"lazy\" decoding=\"async\" src=\"http:\/\/176.180.167.43:8000\/portfolio\/wp-content\/uploads\/2023\/03\/maxresdefault-edited-1.webp\" alt=\"\" class=\"wp-image-566\" width=\"350\" height=\"350\" srcset=\"https:\/\/portfolio.wakalas.xyz\/wp-content\/uploads\/2023\/03\/maxresdefault-edited-1.webp 719w, https:\/\/portfolio.wakalas.xyz\/wp-content\/uploads\/2023\/03\/maxresdefault-edited-1-300x300.webp 300w, https:\/\/portfolio.wakalas.xyz\/wp-content\/uploads\/2023\/03\/maxresdefault-edited-1-150x150.webp 150w\" sizes=\"auto, (max-width: 350px) 100vw, 350px\" \/><\/figure>\n<\/div>\n\n\n\n<div class=\"wp-block-column is-layout-flow wp-block-column-is-layout-flow\">\n<figure class=\"wp-block-image size-large is-resized\"><img loading=\"lazy\" decoding=\"async\" src=\"http:\/\/176.180.167.43:8000\/portfolio\/wp-content\/uploads\/2023\/03\/39a7d35bbd_50163520_formation-python-edited-1022x1024.webp\" alt=\"\" class=\"wp-image-567\" width=\"350\" height=\"350\" srcset=\"https:\/\/portfolio.wakalas.xyz\/wp-content\/uploads\/2023\/03\/39a7d35bbd_50163520_formation-python-edited-1022x1024.webp 1022w, https:\/\/portfolio.wakalas.xyz\/wp-content\/uploads\/2023\/03\/39a7d35bbd_50163520_formation-python-edited-300x300.webp 300w, https:\/\/portfolio.wakalas.xyz\/wp-content\/uploads\/2023\/03\/39a7d35bbd_50163520_formation-python-edited-150x150.webp 150w, https:\/\/portfolio.wakalas.xyz\/wp-content\/uploads\/2023\/03\/39a7d35bbd_50163520_formation-python-edited-768x770.webp 768w, https:\/\/portfolio.wakalas.xyz\/wp-content\/uploads\/2023\/03\/39a7d35bbd_50163520_formation-python-edited.webp 1278w\" sizes=\"auto, (max-width: 350px) 100vw, 350px\" \/><\/figure>\n<\/div>\n<\/div>\n\n\n\n<hr class=\"wp-block-separator has-text-color has-foreground-color has-alpha-channel-opacity has-foreground-background-color has-background is-style-default\"\/>\n\n\n\n<h4 class=\"has-text-align-center wp-block-heading\" id=\"jeux-video-competitives\" style=\"text-transform:uppercase\"><strong>Musculation et nutrition <\/strong><\/h4>\n\n\n\n<div class=\"wp-block-columns alignwide is-layout-flex wp-container-core-columns-is-layout-28f84493 wp-block-columns-is-layout-flex\">\n<div class=\"wp-block-column is-layout-flow wp-block-column-is-layout-flow\">\n<figure class=\"wp-block-image size-large is-resized\"><img loading=\"lazy\" decoding=\"async\" src=\"http:\/\/176.180.167.43:8000\/portfolio\/wp-content\/uploads\/2023\/03\/Screenshot_20230312_215108_com.instagram.android-edited.jpg\" alt=\"\" class=\"wp-image-570\" width=\"350\" height=\"350\" srcset=\"https:\/\/portfolio.wakalas.xyz\/wp-content\/uploads\/2023\/03\/Screenshot_20230312_215108_com.instagram.android-edited.jpg 1080w, https:\/\/portfolio.wakalas.xyz\/wp-content\/uploads\/2023\/03\/Screenshot_20230312_215108_com.instagram.android-edited-300x300.jpg 300w, https:\/\/portfolio.wakalas.xyz\/wp-content\/uploads\/2023\/03\/Screenshot_20230312_215108_com.instagram.android-edited-1024x1024.jpg 1024w, https:\/\/portfolio.wakalas.xyz\/wp-content\/uploads\/2023\/03\/Screenshot_20230312_215108_com.instagram.android-edited-150x150.jpg 150w, https:\/\/portfolio.wakalas.xyz\/wp-content\/uploads\/2023\/03\/Screenshot_20230312_215108_com.instagram.android-edited-768x769.jpg 768w\" sizes=\"auto, (max-width: 350px) 100vw, 350px\" \/><\/figure>\n<\/div>\n\n\n\n<div class=\"wp-block-column is-layout-flow wp-block-column-is-layout-flow\">\n<figure class=\"wp-block-image size-large is-resized\"><img loading=\"lazy\" decoding=\"async\" src=\"http:\/\/176.180.167.43:8000\/portfolio\/wp-content\/uploads\/2023\/03\/1dbcef30ca20a90b82c60490804de803-edited.jpg\" alt=\"\" class=\"wp-image-574\" width=\"350\" height=\"350\" srcset=\"https:\/\/portfolio.wakalas.xyz\/wp-content\/uploads\/2023\/03\/1dbcef30ca20a90b82c60490804de803-edited.jpg 736w, https:\/\/portfolio.wakalas.xyz\/wp-content\/uploads\/2023\/03\/1dbcef30ca20a90b82c60490804de803-edited-300x300.jpg 300w, https:\/\/portfolio.wakalas.xyz\/wp-content\/uploads\/2023\/03\/1dbcef30ca20a90b82c60490804de803-edited-150x150.jpg 150w\" sizes=\"auto, (max-width: 350px) 100vw, 350px\" \/><\/figure>\n<\/div>\n\n\n\n<div class=\"wp-block-column is-layout-flow wp-block-column-is-layout-flow\">\n<figure class=\"wp-block-image size-large is-resized\"><img loading=\"lazy\" decoding=\"async\" src=\"http:\/\/176.180.167.43:8000\/portfolio\/wp-content\/uploads\/2023\/03\/Screenshot_20230312_215007_com.instagram.android-1-edited.jpg\" alt=\"\" class=\"wp-image-572\" width=\"350\" height=\"350\" srcset=\"https:\/\/portfolio.wakalas.xyz\/wp-content\/uploads\/2023\/03\/Screenshot_20230312_215007_com.instagram.android-1-edited.jpg 1080w, https:\/\/portfolio.wakalas.xyz\/wp-content\/uploads\/2023\/03\/Screenshot_20230312_215007_com.instagram.android-1-edited-300x300.jpg 300w, https:\/\/portfolio.wakalas.xyz\/wp-content\/uploads\/2023\/03\/Screenshot_20230312_215007_com.instagram.android-1-edited-1024x1024.jpg 1024w, https:\/\/portfolio.wakalas.xyz\/wp-content\/uploads\/2023\/03\/Screenshot_20230312_215007_com.instagram.android-1-edited-150x150.jpg 150w, https:\/\/portfolio.wakalas.xyz\/wp-content\/uploads\/2023\/03\/Screenshot_20230312_215007_com.instagram.android-1-edited-768x769.jpg 768w\" sizes=\"auto, (max-width: 350px) 100vw, 350px\" \/><\/figure>\n<\/div>\n<\/div>\n\n\n\n<hr class=\"wp-block-separator has-text-color has-foreground-color has-alpha-channel-opacity has-foreground-background-color has-background is-style-default\"\/>\n\n\n\n<h4 class=\"has-text-align-center wp-block-heading\" id=\"jeux-video-competitives\" style=\"text-transform:uppercase\"><strong>Jeux vid\u00e9os comp\u00e9titives en \u00e9quipe <\/strong><\/h4>\n\n\n\n<div class=\"wp-block-columns alignwide is-layout-flex wp-container-core-columns-is-layout-28f84493 wp-block-columns-is-layout-flex\">\n<div class=\"wp-block-column is-layout-flow wp-block-column-is-layout-flow\">\n<figure class=\"wp-block-image size-large\"><img loading=\"lazy\" decoding=\"async\" width=\"630\" height=\"630\" src=\"http:\/\/176.180.167.43:8000\/portfolio\/wp-content\/uploads\/2023\/03\/geforce-frames-win-games-apex-legends-og-image-1200x630-1-edited.jpg\" alt=\"\" class=\"wp-image-597\" srcset=\"https:\/\/portfolio.wakalas.xyz\/wp-content\/uploads\/2023\/03\/geforce-frames-win-games-apex-legends-og-image-1200x630-1-edited.jpg 630w, https:\/\/portfolio.wakalas.xyz\/wp-content\/uploads\/2023\/03\/geforce-frames-win-games-apex-legends-og-image-1200x630-1-edited-300x300.jpg 300w, https:\/\/portfolio.wakalas.xyz\/wp-content\/uploads\/2023\/03\/geforce-frames-win-games-apex-legends-og-image-1200x630-1-edited-150x150.jpg 150w\" sizes=\"auto, (max-width: 630px) 100vw, 630px\" \/><\/figure>\n<\/div>\n\n\n\n<div class=\"wp-block-column is-layout-flow wp-block-column-is-layout-flow\">\n<figure class=\"wp-block-image size-large\"><img loading=\"lazy\" decoding=\"async\" width=\"1200\" height=\"1200\" src=\"http:\/\/176.180.167.43:8000\/portfolio\/wp-content\/uploads\/2023\/03\/LoL_1200x1600-15ad6c981af8d98f50e833eac7843986-edited.jpg\" alt=\"\" class=\"wp-image-599\" srcset=\"https:\/\/portfolio.wakalas.xyz\/wp-content\/uploads\/2023\/03\/LoL_1200x1600-15ad6c981af8d98f50e833eac7843986-edited.jpg 1200w, https:\/\/portfolio.wakalas.xyz\/wp-content\/uploads\/2023\/03\/LoL_1200x1600-15ad6c981af8d98f50e833eac7843986-edited-300x300.jpg 300w, https:\/\/portfolio.wakalas.xyz\/wp-content\/uploads\/2023\/03\/LoL_1200x1600-15ad6c981af8d98f50e833eac7843986-edited-1024x1024.jpg 1024w, https:\/\/portfolio.wakalas.xyz\/wp-content\/uploads\/2023\/03\/LoL_1200x1600-15ad6c981af8d98f50e833eac7843986-edited-150x150.jpg 150w, https:\/\/portfolio.wakalas.xyz\/wp-content\/uploads\/2023\/03\/LoL_1200x1600-15ad6c981af8d98f50e833eac7843986-edited-768x768.jpg 768w\" sizes=\"auto, (max-width: 1200px) 100vw, 1200px\" \/><\/figure>\n<\/div>\n\n\n\n<div class=\"wp-block-column is-layout-flow wp-block-column-is-layout-flow\">\n<figure class=\"wp-block-image size-large\"><img loading=\"lazy\" decoding=\"async\" width=\"1080\" height=\"1080\" src=\"http:\/\/176.180.167.43:8000\/portfolio\/wp-content\/uploads\/2023\/03\/WZ2-S01-DMZ-TACTICS-TOUT-edited.jpg\" alt=\"\" class=\"wp-image-601\" srcset=\"https:\/\/portfolio.wakalas.xyz\/wp-content\/uploads\/2023\/03\/WZ2-S01-DMZ-TACTICS-TOUT-edited.jpg 1080w, https:\/\/portfolio.wakalas.xyz\/wp-content\/uploads\/2023\/03\/WZ2-S01-DMZ-TACTICS-TOUT-edited-300x300.jpg 300w, https:\/\/portfolio.wakalas.xyz\/wp-content\/uploads\/2023\/03\/WZ2-S01-DMZ-TACTICS-TOUT-edited-1024x1024.jpg 1024w, https:\/\/portfolio.wakalas.xyz\/wp-content\/uploads\/2023\/03\/WZ2-S01-DMZ-TACTICS-TOUT-edited-150x150.jpg 150w, https:\/\/portfolio.wakalas.xyz\/wp-content\/uploads\/2023\/03\/WZ2-S01-DMZ-TACTICS-TOUT-edited-768x768.jpg 768w\" sizes=\"auto, (max-width: 1080px) 100vw, 1080px\" \/><\/figure>\n<\/div>\n<\/div>\n\n\n\n<hr class=\"wp-block-separator has-text-color has-foreground-color has-alpha-channel-opacity has-foreground-background-color has-background is-style-wide\"\/>\n","protected":false},"excerpt":{"rendered":"<p>Science, Hardware et Informatique Musculation et nutrition Jeux vid\u00e9os comp\u00e9titives en \u00e9quipe<\/p>\n","protected":false},"author":1,"featured_media":0,"parent":0,"menu_order":0,"comment_status":"closed","ping_status":"closed","template":"","meta":{"_editorskit_title_hidden":false,"_editorskit_reading_time":1,"_editorskit_is_block_options_detached":false,"_editorskit_block_options_position":"{}","footnotes":""},"class_list":["post-70","page","type-page","status-publish","hentry","entry"],"_links":{"self":[{"href":"https:\/\/portfolio.wakalas.xyz\/index.php?rest_route=\/wp\/v2\/pages\/70","targetHints":{"allow":["GET"]}}],"collection":[{"href":"https:\/\/portfolio.wakalas.xyz\/index.php?rest_route=\/wp\/v2\/pages"}],"about":[{"href":"https:\/\/portfolio.wakalas.xyz\/index.php?rest_route=\/wp\/v2\/types\/page"}],"author":[{"embeddable":true,"href":"https:\/\/portfolio.wakalas.xyz\/index.php?rest_route=\/wp\/v2\/users\/1"}],"replies":[{"embeddable":true,"href":"https:\/\/portfolio.wakalas.xyz\/index.php?rest_route=%2Fwp%2Fv2%2Fcomments&post=70"}],"version-history":[{"count":20,"href":"https:\/\/portfolio.wakalas.xyz\/index.php?rest_route=\/wp\/v2\/pages\/70\/revisions"}],"predecessor-version":[{"id":635,"href":"https:\/\/portfolio.wakalas.xyz\/index.php?rest_route=\/wp\/v2\/pages\/70\/revisions\/635"}],"wp:attachment":[{"href":"https:\/\/portfolio.wakalas.xyz\/index.php?rest_route=%2Fwp%2Fv2%2Fmedia&parent=70"}],"curies":[{"name":"wp","href":"https:\/\/api.w.org\/{rel}","templated":true}]}}