{"id":9,"date":"2022-01-15T23:56:27","date_gmt":"2022-01-15T22:56:27","guid":{"rendered":"https:\/\/wakalas.wordpress.com\/home\/"},"modified":"2023-09-06T23:13:10","modified_gmt":"2023-09-06T21:13:10","slug":"me","status":"publish","type":"page","link":"https:\/\/portfolio.wakalas.xyz\/","title":{"rendered":"YEGHYAN Erik"},"content":{"rendered":"\n<hr class=\"wp-block-separator has-text-color has-foreground-color has-alpha-channel-opacity has-foreground-background-color has-background\"\/>\n\n\n<div class=\"wp-block-image is-style-editorskit-circular\">\n<figure class=\"aligncenter size-full is-resized\"><img decoding=\"async\" src=\"https:\/\/wakalas.ddns.net\/eyeghyan\/wp-content\/uploads\/2023\/09\/Screenshot_20230904_113011-2.png\" alt=\"\" class=\"wp-image-766\" style=\"width:300px\" width=\"300\" srcset=\"https:\/\/portfolio.wakalas.xyz\/wp-content\/uploads\/2023\/09\/Screenshot_20230904_113011-2.png 512w, https:\/\/portfolio.wakalas.xyz\/wp-content\/uploads\/2023\/09\/Screenshot_20230904_113011-2-300x285.png 300w\" sizes=\"(max-width: 512px) 100vw, 512px\" \/><\/figure>\n<\/div>\n\n\n<hr class=\"wp-block-separator has-text-color has-foreground-color has-alpha-channel-opacity has-foreground-background-color has-background is-style-wide\"\/>\n\n\n\n<p class=\"has-text-align-justify justification_text\">\u00c9tant \u00e9tudiant en Master 1 de Chimie Physique Analytique Informatique et Mat\u00e9riaux (sp\u00e9cialis\u00e9 en ch\u00e9moinformatique) \u00e0 l&rsquo;Universit\u00e9 de Strasbourg, je cherche actuellement un stage de six mois (M2) dans le domaine de la ch\u00e9moinformatique et du Drug design.  Je suis tr\u00e8s captiv\u00e9 par ce domaine et je souhaiterais y faire carri\u00e8re. <\/p>\n\n\n\n<p class=\"has-text-align-justify justification-texte\">Depuis mon adolescence, j&rsquo;ai cultiv\u00e9 ma passion pour l&rsquo;informatique en d\u00e9veloppant des comp\u00e9tences de mani\u00e8re autodidacte dans plusieurs domaines tels que la programmation, la base de donn\u00e9es et le d\u00e9pannage. Mes \u00e9tudes postbac en chimie, physique et biologie ont \u00e9largi mes connaissances scientifiques et renforc\u00e9 mes comp\u00e9tences en informatique. Lors de mon stage de troisi\u00e8me ann\u00e9e de licence au Laboratoire de Ch\u00e9moinformatique \u00e0 l&rsquo;Universit\u00e9 de Strasbourg, j&rsquo;ai eu la chance de d\u00e9couvrir la ch\u00e9moinformatique et de mettre en pratique mes connaissances acquises. Ce stage m&rsquo;a permis de d\u00e9velopper une solide compr\u00e9hension de base de la ch\u00e9moinformatique et d&rsquo;acqu\u00e9rir une exp\u00e9rience pratique dans l&rsquo;utilisation d&rsquo;outils informatiques pour la recherche en chimie et biologie.<\/p>\n\n\n\n<p class=\"has-text-align-justify\"> Je suis convaincu que mes comp\u00e9tences en informatique et en sciences pourront \u00eatre utiles pour les projets futurs dans lesquels je serai impliqu\u00e9. Mon objectif est de poursuivre mon apprentissage et de d\u00e9velopper mes comp\u00e9tences pour devenir un expert dans mon domaine et de contribuer \u00e0 l&rsquo;utilisation des&nbsp;m\u00e9thodes informatiques&nbsp;dans le but r\u00e9soudre des probl\u00e8mes scientifiques de la vie courante.<\/p>\n\n\n\n<p class=\"has-text-align-justify\">Je suis une personne dot\u00e9e d&rsquo;une curiosit\u00e9 insatiable, d&rsquo;une d\u00e9termination in\u00e9branlable et d&rsquo;une pers\u00e9v\u00e9rance remarquable. Mes qualit\u00e9s associ\u00e9es \u00e0 mon d\u00e9sir ardent de faire partie d&rsquo;une \u00e9quipe, font de moi un atout pr\u00e9cieux pour tout projet auquel je participe. Je suis pr\u00eat \u00e0 mettre mes connaissances, mon exp\u00e9rience et ma motivation \u00e0 disposition pour contribuer au progr\u00e8s de la science. En rejoignant une \u00e9quipe, je suis convaincu que je pourrai non seulement partager mes comp\u00e9tences, mais aussi continuer \u00e0 apprendre et \u00e0 d\u00e9velopper mes connaissances afin de venir une meilleure version de moi-m\u00eame.<\/p>\n\n\n\n<p class=\"has-text-align-right\" style=\"font-size:12px\"><em>\u00ab&nbsp;Ce n\u2019est pas parce que les choses sont difficiles que nous n\u2019osons pas, c\u2019est parce que nous n\u2019osons pas qu\u2019elles sont difficiles&nbsp;\u00bb&nbsp;<\/em><strong>-S\u00e9n\u00e8que.<\/strong><\/p>\n\n\n\n<div class=\"wp-block-buttons alignwide has-custom-font-size has-huge-font-size is-horizontal is-content-justification-center is-layout-flex wp-container-core-buttons-is-layout-03627597 wp-block-buttons-is-layout-flex\">\n<div class=\"wp-block-button has-custom-font-size has-normal-font-size\"><a class=\"wp-block-button__link has-background-color has-foreground-background-color has-text-color has-background wp-element-button\" href=\"https:\/\/yeghyane.000webhostapp.com\/wp-content\/uploads\/2023\/03\/CV.pdf\" style=\"border-radius:5px;padding-top:var(--wp--preset--spacing--30);padding-right:var(--wp--preset--spacing--30);padding-bottom:var(--wp--preset--spacing--30);padding-left:var(--wp--preset--spacing--30)\" target=\"_blank\" rel=\"noreferrer noopener\">CV<\/a><\/div>\n\n\n\n<div class=\"wp-block-button has-custom-font-size has-normal-font-size\"><a class=\"wp-block-button__link has-background-color has-foreground-background-color has-text-color has-background wp-element-button\" href=\"https:\/\/yeghyane.000webhostapp.com\/?page_id=647\" style=\"border-radius:5px;padding-top:var(--wp--preset--spacing--30);padding-right:var(--wp--preset--spacing--30);padding-bottom:var(--wp--preset--spacing--30);padding-left:var(--wp--preset--spacing--30)\">CONTACT<\/a><\/div>\n<\/div>\n","protected":false},"excerpt":{"rendered":"<p>\u00c9tant \u00e9tudiant en Master 1 de Chimie Physique Analytique Informatique et Mat\u00e9riaux (sp\u00e9cialis\u00e9 en ch\u00e9moinformatique) \u00e0 l&rsquo;Universit\u00e9 de Strasbourg, je cherche actuellement un stage de six mois (M2) dans le domaine de la ch\u00e9moinformatique et du Drug design. Je suis tr\u00e8s captiv\u00e9 par ce domaine et je souhaiterais y faire carri\u00e8re. Depuis mon adolescence, j&rsquo;ai<a class=\"more-link\" href=\"https:\/\/portfolio.wakalas.xyz\/\">Continue reading <span class=\"screen-reader-text\">\u00ab\u00a0YEGHYAN Erik\u00a0\u00bb<\/span><\/a><\/p>\n","protected":false},"author":1,"featured_media":0,"parent":0,"menu_order":0,"comment_status":"closed","ping_status":"closed","template":"","meta":{"_editorskit_title_hidden":false,"_editorskit_reading_time":1,"_editorskit_is_block_options_detached":false,"_editorskit_block_options_position":"{}","footnotes":""},"class_list":["post-9","page","type-page","status-publish","hentry","entry"],"_links":{"self":[{"href":"https:\/\/portfolio.wakalas.xyz\/index.php?rest_route=\/wp\/v2\/pages\/9","targetHints":{"allow":["GET"]}}],"collection":[{"href":"https:\/\/portfolio.wakalas.xyz\/index.php?rest_route=\/wp\/v2\/pages"}],"about":[{"href":"https:\/\/portfolio.wakalas.xyz\/index.php?rest_route=\/wp\/v2\/types\/page"}],"author":[{"embeddable":true,"href":"https:\/\/portfolio.wakalas.xyz\/index.php?rest_route=\/wp\/v2\/users\/1"}],"replies":[{"embeddable":true,"href":"https:\/\/portfolio.wakalas.xyz\/index.php?rest_route=%2Fwp%2Fv2%2Fcomments&post=9"}],"version-history":[{"count":36,"href":"https:\/\/portfolio.wakalas.xyz\/index.php?rest_route=\/wp\/v2\/pages\/9\/revisions"}],"predecessor-version":[{"id":767,"href":"https:\/\/portfolio.wakalas.xyz\/index.php?rest_route=\/wp\/v2\/pages\/9\/revisions\/767"}],"wp:attachment":[{"href":"https:\/\/portfolio.wakalas.xyz\/index.php?rest_route=%2Fwp%2Fv2%2Fmedia&parent=9"}],"curies":[{"name":"wp","href":"https:\/\/api.w.org\/{rel}","templated":true}]}}